second derivative of 13*r**3/6 + 13*r**2/2 - 2*r. What is the tens digit of g(5)?
7
Suppose -5252 = 6*n - 9*n - 5*h, -3*n - 4*h + 5254 = 0. What is the units digit of n?
4
Let f(o) = -12*o**3 - 2*o**2 - o + 1. Let q be -1*(-4)/(-8)*2. What is the units digit of f(q)?
2
Let a(h) = 57*h**3 - h**2 + 3*h - 2. Let k = 20 - -10. Let y = k - 29. What is the tens digit of a(y)?
5
What is the hundreds digit of (-11)/11*(-1818 + -1)?
8
Let g = 338 + -404. Let w(j) = -j**3 - 2*j - 4. Let r be w(5). Let b = g - r. What is the units digit of b?
3
Suppose 3*t - 2*t = 4. Suppose t*z - 56 = 4*v, -2*z - v = 4*v. What is the units digit of z?
0
Suppose 4*q - c + 3*c - 12 = 0, -2*c = -2*q. Suppose y = 2*t - 143, 4*y - 138 = -q*t - 0*t. What is the tens digit of t?
7
Let f(p) = p - 1. Let b(y) = 18*y + 165. Let u(d) = b(d) - 4*f(d). What is the units digit of u(0)?
9
Let f be (((-34)/(-4))/(-1))/((-2)/32). Let d = f - -51. What is the units digit of d?
7
Let i be (4 + -4)/((-3)/(-1)). Suppose i = 19*d - 14*d - 45. Suppose -l + 31 - d = 0. What is the tens digit of l?
2
Let s(b) be the third derivative of 0 + 0*b - 17/24*b**4 - 1/60*b**5 - 2*b**2 + 0*b**3. What is the tens digit of s(-15)?
3
Suppose -7*l + 5*o = -11*l + 2571, 0 = -4*l + 5*o + 2621. What is the tens digit of l?
4
Let z(y) = -39*y**2 - y + 5. Let n(v) = 38*v**2 + v - 4. Let i(c) = -2*n(c) - 3*z(c). What is the hundreds digit of i(2)?
1
Let n(q) = -q**3 + 8*q**2 - 2*q - 4. Let r be n(8). Let z be (-16)/r + (-2)/(-10). What is the units digit of z + (1 - (-21 + -2))?
5
Let v(x) = x - 9. Let g be v(12). Suppose -g*m + 72 = -2*m. What is the tens digit of m?
7
Let a(m) = -29*m + 5. Let l be a(-6). Suppose -41 + l = 3*c. What is the tens digit of c?
4
Suppose -z + 21 = y, 2*y + y + 112 = 4*z. Suppose 0 = 26*l - z*l - 7. Let h = l - -34. What is the tens digit of h?
4
Let s be ((-86)/(-2))/((-6)/(-30)). Suppose -5*u + s + 0 = 0. Suppose -r = -2*p - 35, -3*p = 2*r + 2*p - u. What is the tens digit of r?
2
Let b(p) = 10*p**2 - 26*p + 46. What is the tens digit of b(12)?
7
Suppose -4*z = 16, k - 4*z = 2*k - 379. What is the units digit of k?
5
Let m(p) = -p + 4. Let i be m(3). Let z(n) = -i + 0*n + 5 + 2*n. What is the tens digit of z(5)?
1
Suppose -3*u + 590 = -4*u - 2*i, 0 = -u - 3*i - 585. Let d = -306 - u. What is the hundreds digit of d?
2
Let a be 64/(2 - -2) - 0. Suppose -a = 3*k + k, 0 = i - 5*k - 46. What is the tens digit of i?
2
Suppose 0 = -4*d - 4*z - 92, -2*z = d - 1 + 22. What is the units digit of ((-84)/(-5))/((-5)/d)?
4
Suppose 4*t - 1640 = -144. What is the hundreds digit of t?
3
What is the units digit of (10 - -1)/(4 - (-1617)/(-407))?
7
Let y(p) be the first derivative of p**3/3 + 5*p**2/2 + 15*p + 8. Let d be y(-10). Let v = -15 + d. What is the tens digit of v?
5
Let p = -56 + 66. What is the units digit of ((10/4)/5)/(p/860)?
3
Let k(y) = -y + 1. Let i(m) = 5*m - 4. Let d be 18/(-12) + 1/2. Let p(a) = d*i(a) - 3*k(a). What is the units digit of p(-3)?
7
Let l(f) = -3*f - 4. Let z(j) = -j**2 - 4*j - 3. Let n be z(-4). Let y be l(n). Suppose -6 = -p + y. What is the tens digit of p?
1
What is the tens digit of 62502/(-88)*(-1 - 25/3)?
2
Let r = -29 + 86. Let g = -13 + -20. Let y = r + g. What is the units digit of y?
4
Suppose -2*s + 0*s = -32. Let q = 7 + s. Let g = q + -12. What is the tens digit of g?
1
Let l(r) = -49*r**3 + 4*r**2 + 8*r + 16. What is the hundreds digit of l(-3)?
3
Suppose 29303 = 20*a - 7297. What is the hundreds digit of a?
8
Let p be 99/(-4) + (-6)/24. Let r = p + 31. What is the tens digit of r*(-1)/((-2)/11)?
3
Suppose 2*w = 2*v - 6*v - 30, -5*w - 4*v = 57. Let u(h) = -1 - 2*h - 9*h**2 - h**3 + 2*h + 0*h - 3*h. What is the units digit of u(w)?
6
Let v = 573 - 415. What is the tens digit of v?
5
Let x(m) = -m**3 - 7*m**2 + 6*m + 6. Let w(s) = 1. Let z(l) = -6*w(l) + x(l). What is the tens digit of z(-8)?
1
Suppose 0 = 42*k - 3652 - 24908. What is the tens digit of k?
8
Suppose 2*f = -2*c + 16, 3*c + 1 = 4*f + 4. Suppose 4*o = -x + 59, 2*o - 3*o = -c*x + 295. What is the tens digit of x?
5
Let f(h) = h**2 - 2*h - 4. Let k be f(-2). Suppose 4 = k*i + 20. Let o(z) = -z + 8. What is the units digit of o(i)?
2
Let r = 6149 - 15431. What is the hundreds digit of (-1)/5 + (r/(-5))/7?
2
Let g(c) = -166*c**3 - c**2 - 6*c - 7. What is the thousands digit of g(-2)?
1
Let g(r) = 9 - 8*r - 4*r**2 - 4*r + r**2 + 4*r**2. Let x = -26 + 38. What is the units digit of g(x)?
9
What is the units digit of -1 - 884/(3 - 5)?
1
Suppose 9*y - 4646 = -g + 4*y, 0 = y + 1. What is the units digit of g?
1
Let w = -33 - -143. Suppose 5*o - w = 1345. What is the hundreds digit of o?
2
Suppose 12*h = -749 + 3137. What is the tens digit of h?
9
Let f(w) be the third derivative of -w**5/60 + w**4/3 - 2*w**3 + 3*w**2. Let c be f(6). Suppose c*t - t + 5 = 0. What is the units digit of t?
5
Suppose -d + 5*v + 79 = 7*v, d + 4*v - 81 = 0. What is the units digit of d?
7
What is the tens digit of 195/(-27) + 7 - (-4191)/27?
5
Let d(q) = -2*q**3 - 12*q**2 + 23*q - 39. What is the hundreds digit of d(-11)?
9
Let v(a) = 2*a**2 - 3*a + 3. Let i = 8 + -14. Let t be -5*(i/15 - -1). What is the units digit of v(t)?
0
Let o = -60 - -83. Suppose -19*c + o*c = 232. What is the tens digit of c?
5
Let h(v) = -v**2 - 3*v + 5. Let w be h(-3). Let c(k) = -6*k**2 + 2*k**2 + 0*k**3 + k**3 - k + 5. What is the tens digit of c(w)?
2
Suppose -138*f + 113*f + 68100 = 0. What is the tens digit of f?
2
Let f(p) = 47*p**2 + 56*p - 30. What is the hundreds digit of f(-9)?
2
Suppose 5*n = 3*d + 2680, 5*d - 1142 = -3*n + 432. What is the tens digit of n?
3
Suppose 26*k + 808 = 3512. What is the hundreds digit of k?
1
Suppose -136*n = -100*n - 13068. What is the hundreds digit of n?
3
Let i(o) = 45*o + 27. Let z(p) = -2*p - 2. Let h(v) = i(v) + 12*z(v). Let b(w) = -w + 9. Let d be b(7). What is the units digit of h(d)?
5
Let c(r) = 4*r - 17. Let h be c(5). Suppose -9*s + h*s = -684. What is the tens digit of s?
1
Let i(c) = 4*c - 101. What is the units digit of i(26)?
3
Suppose 5*p + 5*d = 4*d + 621, -3*p + 2*d + 370 = 0. Suppose -3*k - 2*c = -199, k = -k + 3*c + p. Suppose 5*m - 165 = -k. What is the tens digit of m?
2
Let x(w) = w + 10. Let o be x(-4). What is the tens digit of o/(-9) - 80/(-3)?
2
Let u = -1171 - -2638. What is the thousands digit of u?
1
Let a = -4 - 6. Let u be (4/a)/((-2)/10). Suppose 3*q = 4*q - 3*w - 44, 0 = -3*q - u*w + 77. What is the tens digit of q?
2
Let x be -1 + 4*(-4)/(-16). Suppose -i + 5*d = -85, 3*i = -x*i + 5*d + 295. What is the tens digit of i?
0
Let c = 69 + -34. Let r = -64 + c. Let v = 3 - r. What is the tens digit of v?
3
Let t(r) = -1. Let o(u) = u + 13. Let h(i) = o(i) - 6*t(i). What is the units digit of h(0)?
9
Suppose -8*m - 14 = -6. What is the units digit of -3 + m/((-2)/396)?
5
Suppose 0*w = -2*w + 3*l + 1608, 4066 = 5*w + 4*l. What is the hundreds digit of w?
8
Let r(u) be the third derivative of -u**6/120 - u**5/60 + u**4/3 + 3*u**3/2 - 16*u**2. What is the units digit of r(-5)?
9
Suppose -56 - 179 = -5*u. Let a = u - 32. Suppose -w - a = -55. What is the tens digit of w?
4
Suppose 59*d + 13581 = 68*d. What is the units digit of d?
9
Let o be -1 - (1 - (0 + 2)). Suppose o = -s - 2*d + d + 130, -2*d = -3*s + 405. What is the tens digit of s?
3
Let s = -127 + -65. What is the units digit of (1 + -1)/(1/1) - s?
2
What is the hundreds digit of (9 - (4521 + 4))*(-1)/4?
1
Suppose -4*c = -160 - 568. Let o = 308 - c. What is the hundreds digit of o?
1
Suppose -m = 3*m + 52. Let t = 17 - 32. Let p = m - t. What is the units digit of p?
2
Let r(n) = n**2 + n + 3. Let h(y) = y**3 + 15*y**2 + 14*y - 2. Let x be h(-14). What is the units digit of r(x)?
5
Suppose 4*f + 2*r = 128, r - 32 = -f - 4*r. What is the units digit of (7 - f/(-12))/((-1)/(-3))?
9
Let m be (-4)/10*(-10)/4. Let p(u) = 5*u + 1 + m - 20*u. What is the units digit of p(-2)?
2
Let g be (-2)/(-12)*5*6. Suppose -g*u + 0*u + 45 = 0. What is the units digit of 1*u*(-20)/(-15)?
2
Suppose -4*m + 2396 = p + 3*p, 4*m = 2*p - 1168. What is the hundreds digit of p?
5
Let k = 5697 - 1727. What is the thousands digit of k?
3
Let w(c) = -c**2 + c + 2. Let t be w(0). Let m be 1*(-4 + 6 - t). Suppose m = s - 5 - 6. What is the tens d